876?
3
What is the units digit of 69948?
8
What is the hundreds digit of 146637?
6
What is the hundreds digit of 83636?
6
What is the tens digit of 1873?
7
What is the ten thousands digit of 19622?
1
What is the hundreds digit of 2043?
0
What is the units digit of 2022?
2
What is the thousands digit of 2218?
2
What is the thousands digit of 8578?
8
What is the tens digit of 824?
2
What is the units digit of 5199?
9
What is the tens digit of 1533?
3
What is the tens digit of 4206?
0
What is the ten thousands digit of 19757?
1
What is the thousands digit of 1851?
1
What is the hundreds digit of 14681?
6
What is the hundreds digit of 11490?
4
What is the hundreds digit of 420?
4
What is the ten thousands digit of 19035?
1
What is the hundreds digit of 35748?
7
What is the units digit of 2360?
0
What is the tens digit of 3210?
1
What is the units digit of 22437?
7
What is the hundreds digit of 37544?
5
What is the tens digit of 126?
2
What is the ten thousands digit of 18187?
1
What is the tens digit of 81497?
9
What is the units digit of 1262?
2
What is the units digit of 33273?
3
What is the hundreds digit of 11442?
4
What is the ten thousands digit of 11825?
1
What is the units digit of 4230?
0
What is the hundreds digit of 5308?
3
What is the thousands digit of 1576?
1
What is the tens digit of 754?
5
What is the hundreds digit of 41548?
5
What is the ten thousands digit of 11458?
1
What is the hundreds digit of 4538?
5
What is the thousands digit of 9683?
9
What is the units digit of 38432?
2
What is the tens digit of 2809?
0
What is the units digit of 25876?
6
What is the units digit of 3158?
8
What is the hundreds digit of 1833?
8
What is the tens digit of 7384?
8
What is the thousands digit of 2683?
2
What is the units digit of 6910?
0
What is the units digit of 480?
0
What is the tens digit of 3988?
8
What is the ten thousands digit of 118956?
1
What is the hundreds digit of 493?
4
What is the tens digit of 351?
5
What is the thousands digit of 42227?
2
What is the tens digit of 125?
2
What is the tens digit of 70187?
8
What is the thousands digit of 3676?
3
What is the hundreds digit of 23605?
6
What is the thousands digit of 1746?
1
What is the thousands digit of 25038?
5
What is the hundreds digit of 302?
3
What is the thousands digit of 43448?
3
What is the tens digit of 100136?
3
What is the hundreds digit of 2580?
5
What is the hundreds digit of 4174?
1
What is the tens digit of 6422?
2
What is the ten thousands digit of 10424?
1
What is the tens digit of 9231?
3
What is the thousands digit of 2837?
2
What is the tens digit of 1266?
6
What is the thousands digit of 22525?
2
What is the hundreds digit of 36797?
7
What is the hundreds digit of 14542?
5
What is the hundreds digit of 188941?
9
What is the hundreds digit of 1021?
0
What is the units digit of 920?
0
What is the tens digit of 96158?
5
What is the thousands digit of 101865?
1
What is the thousands digit of 4389?
4
What is the hundreds digit of 6241?
2
What is the hundreds digit of 384?
3
What is the thousands digit of 5785?
5
What is the hundreds digit of 259?
2
What is the tens digit of 73?
7
What is the hundreds digit of 14322?
3
What is the thousands digit of 49470?
9
What is the tens digit of 1885?
8
What is the hundreds digit of 3696?
6
What is the hundreds digit of 98373?
3
What is the units digit of 33?
3
What is the thousands digit of 16736?
6
What is the tens digit of 1058?
5
What is the units digit of 3288?
8
What is the hundreds digit of 174?
1
What is the units digit of 630?
0
What is the hundreds digit of 2903?
9
What is the ten thousands digit of 22182?
2
What is the thousands digit of 1886?
1
What is the hundreds digit of 718?
7
What is the thousands digit of 6544?
6
What is the ten thousands digit of 11325?
1
What is the hundreds digit of 2145?
1
What is the units digit of 22063?
3
What is the tens digit of 449?
4
What is the hundreds digit of 6232?
2
What is the units digit of 283?
3
What is the hundreds digit of 88331?
3
What is the tens digit of 1622?
2
What is the ten thousands digit of 19717?
1
What is the hundreds digit of 23502?
5
What is the hundreds digit of 894?
8
What is the hundreds digit of 1817?
8
What is the hundreds digit of 46240?
2
What is the units digit of 12917?
7
What is the tens digit of 2740?
4
What is the units digit of 359?
9
What is the tens digit of 902?
0
What is the hundreds digit of 42501?
5
What is the thousands digit of 51775?
1
What is the tens digit of 4423?
2
What is the tens digit of 69?
6
What is the hundreds digit of 11457?
4
What is the units digit of 4137?
7
What is the tens digit of 546?
4
What is the hundreds digit of 77621?
6
What is the units digit of 4822?
2
What is the hundreds digit of 448?
4
What is the thousands digit of 32764?
2
What is the hundreds digit of 5585?
5
What is the thousands digit of 5816?
5
What is the units digit of 911?
1
What is the tens digit of 10379?
7
What is the hundreds digit of 899?
8
What is the thousands digit of 35897?
5
What is the units digit of 3312?
2
What is the tens digit of 508?
0
What is the thousands digit of 11923?
1
What is the thousands digit of 1466?
1
What is the tens digit of 25301?
0
What is the units digit of 1388?
8
What is the tens digit of 194?
9
What is the tens digit of 57071?
7
What is the units digit of 2425?
5
What is the thousands digit of 23579?
3
What is the tens digit of 41035?
3
What is the units digit of 4142?
2
What is the tens digit of 12052?
5
What is the units digit of 22064?
4
What is the thousands digit of 2511?
2
What is the hundreds digit of 1291?
2
What is the ten thousands digit of 23621?
2
What is the tens digit of 74?
7
What is the tens digit of 75340?
4
What is the thousands digit of 73871?
3
What is the ten thousands digit of 31706?
3
What is the tens digit of 31502?
0
What is the tens digit of 9355?
5
What is the thousands digit of 16835?
6
What is the hundreds digit of 4770?
7
What is the tens digit of 13544?
4
What is the hundreds digit of 4465?
4
What is the tens digit of 29370?
7
What is the tens digit of 3019?
1
What is the thousands digit of 2756?
2
What is the hundreds digit of 25211?
2
What is the tens digit of 93546?
4
What is the units digit of 9431?
1
What is the thousands digit of 118205?
8
What is the thousands digit of 1040?
1
What is the tens digit of 832?
3
What is the ten thousands digit of 65078?
6
What is the hundreds digit of 120946?
9
What is the hundreds digit of 4394?
3
What is the hundreds digit of 738?
7
What is the tens digit of 6657?
5
What is the units digit of 18965?
5
What is the tens digit of 563?
6
What is the units digit of 4266?
6
What is the tens digit of 426?
2
What is the units digit of 1391?
1
What is the hundreds digit of 7448?
4
What is the tens digit of 26330?
3
What is the tens digit of 4857?
5
What is the units digit of 54985?
5
What is the hundreds digit of 2925?
9
What is the hundreds digit of 1081?
0
What is the tens digit of 200?
0
What is the hundred thousands digit of 122445?
1
What is the tens digit of 550?
5
What is the units digit of 8959?
9
What is the thousands digit of 18894?
8
What is the hundreds digit of 11746?
7
What is the thousands digit of 13228?
3
What is the hundreds digit of 54332?
3
What is the units digit of 59352?
2
What is the hundreds digit of 1225?
2
What is the tens digit of 3611?
1
What is the tens digit of 275?
7
What is the hundreds digit of 236?
2
What is the units digit of 2169?
9
What is the tens digit of 859?
5
What is the units digit of 4399?
9
What is the tens digit of 1192?
9
What is the hundreds digit of 71464?
4
What is the ten thousands digit of 23582?
2
What is the tens digit of 1215?
1
What is the thousands digit of 76091?
6
What is the units digit of 2955?
5
What is the thousands digit of 130502?
0
What is the units digit of 7806?
6
What is the tens digit of 3171?
7
What is the thousands digit of 2116?
2
What is the thousands digit of 15035?
5
What is the thousands digit of 1417?
1
What is the hundreds digit of 376?
3
What is the tens digit of 78234?
3
What is the thousands digit of 58976?
8
What is the units digit of 20661?
1
What is the tens digit of 10811?
1
What is the hundreds digit of 22697?
6
What is the thousands digit of 4707?
4
What is